factors of 8212633963?
74377, 110419
What are the prime factors of 262248295?
5, 1303, 40253
List the prime factors of 4913620.
2, 5, 245681
What are the prime factors of 3247355007?
3, 13, 27755171
What are the prime factors of 1142285660?
2, 5, 57114283
List the prime factors of 352986417.
3, 7, 207517
List the prime factors of 7814130.
2, 3, 5, 19, 13709
What are the prime factors of 512613697?
389, 1317773
What are the prime factors of 1644091103?
41, 40099783
List the prime factors of 87340068.
2, 3, 2426113
List the prime factors of 187819212.
2, 3, 7, 2235943
List the prime factors of 669516016.
2, 13, 23, 349, 401
List the prime factors of 36577930.
2, 5, 3657793
List the prime factors of 522791866.
2, 1493, 175081
What are the prime factors of 726891654?
2, 3, 163, 193, 3851
What are the prime factors of 5828525174?
2, 17, 23, 541, 599
List the prime factors of 916567643.
167, 5488429
List the prime factors of 165908555.
5, 37, 896803
List the prime factors of 119393577.
3, 53, 250301
List the prime factors of 43885607.
43885607
List the prime factors of 168336902.
2, 37, 101, 223
List the prime factors of 908773025.
5, 1061, 34261
What are the prime factors of 223450437?
3, 7, 37, 5869
What are the prime factors of 146329735?
5, 19, 59, 26107
List the prime factors of 391818073.
3167, 123719
What are the prime factors of 71405280?
2, 3, 5, 16529
What are the prime factors of 3099611027?
37, 83773271
What are the prime factors of 3436857229?
13, 1259, 209987
List the prime factors of 46050067.
7, 6578581
What are the prime factors of 151573365?
3, 5, 3368297
What are the prime factors of 864371716?
2, 13, 151, 110083
What are the prime factors of 5236043468?
2, 31, 277, 152441
What are the prime factors of 128861615?
5, 17, 1516019
What are the prime factors of 4115803438?
2, 2057901719
List the prime factors of 510320491.
510320491
List the prime factors of 286189943.
13, 23, 59, 16223
List the prime factors of 957532217.
101, 9480517
List the prime factors of 110840741.
11, 10076431
What are the prime factors of 1415850459?
3, 471950153
List the prime factors of 6263051823.
3, 7, 23, 79, 54713
What are the prime factors of 97790026?
2, 48895013
List the prime factors of 774573763.
41, 18892043
What are the prime factors of 1202417848?
2, 61, 2463971
What are the prime factors of 116830641?
3, 38943547
What are the prime factors of 844912844?
2, 149, 1417639
What are the prime factors of 1264036592?
2, 7, 13, 868157
What are the prime factors of 42571876?
2, 17, 107, 5851
List the prime factors of 168040003.
168040003
What are the prime factors of 268671746?
2, 7, 19190839
What are the prime factors of 1281478267?
1281478267
What are the prime factors of 2605124695?
5, 47, 1277, 8681
What are the prime factors of 46058893?
46058893
List the prime factors of 3848838668.
2, 43, 149, 179, 839
What are the prime factors of 17287642?
2, 8643821
List the prime factors of 8157169.
8157169
What are the prime factors of 79966524?
2, 3, 11, 181, 3347
What are the prime factors of 47451945?
3, 5, 37, 193, 443
What are the prime factors of 133055355?
3, 5, 47, 79, 2389
List the prime factors of 25171888.
2, 7, 97, 331
What are the prime factors of 16543062?
2, 3, 83, 3691
List the prime factors of 2194935178.
2, 17, 4793, 13469
List the prime factors of 5657188502.
2, 7, 401, 1007693
What are the prime factors of 750436233?
3, 250145411
List the prime factors of 48078851.
233, 206347
List the prime factors of 37894199.
7, 193, 4007
What are the prime factors of 47797171?
47797171
List the prime factors of 162958718.
2, 13, 6267643
What are the prime factors of 438114378?
2, 3, 13, 17, 139, 2377
What are the prime factors of 94000964?
2, 23500241
What are the prime factors of 1194805971?
3, 1721, 2857
What are the prime factors of 16116735?
3, 5, 59, 18211
List the prime factors of 1667964.
2, 3, 29, 4793
What are the prime factors of 3494831680?
2, 5, 2767, 3947
List the prime factors of 216143327.
43, 5026589
List the prime factors of 340818185.
5, 31, 2198827
What are the prime factors of 24205093?
11, 17, 129439
What are the prime factors of 144395222?
2, 281, 256931
What are the prime factors of 4928258881?
7, 13, 3187, 16993
What are the prime factors of 54729354?
2, 3, 9121559
List the prime factors of 1825004387.
1825004387
What are the prime factors of 14835973?
41, 47, 7699
What are the prime factors of 5379456018?
2, 3, 2521, 355643
What are the prime factors of 429089670?
2, 3, 5, 1231, 1291
List the prime factors of 78562655.
5, 37, 631, 673
What are the prime factors of 56623231?
7, 8089033
What are the prime factors of 22721430?
2, 3, 5, 757381
What are the prime factors of 59482549?
7, 8497507
List the prime factors of 813478222.
2, 67, 997, 6089
List the prime factors of 83397297.
3, 37, 751327
What are the prime factors of 29345393?
7, 11, 43, 8863
List the prime factors of 63848775.
3, 5, 727, 1171
What are the prime factors of 89254055?
5, 11, 211, 7691
List the prime factors of 1048572495.
3, 5, 17, 1370683
List the prime factors of 1129136367.
3, 103, 1039, 3517
What are the prime factors of 6557464999?
31, 211531129
List the prime factors of 267496099.
13, 181, 113683
List the prime factors of 461587951.
11, 41962541
List the prime factors of 70450783.
13, 5419291
List the prime factors of 7697224329.
3, 31, 82765853
What are the prime factors of 46714106?
2, 193, 121021
List the prime factors of 1950707.
11, 177337
What are the prime factors of 55967787?
3, 19, 79, 1381
List the prime factors of 2242042187.
7, 11, 149, 27917
What are the prime factors of 51066283?
17, 3003899
What are the prime factors of 477469293?
3, 7, 17, 313, 4273
What are the prime factors of 152389540?
2, 5, 113, 67429
List the prime factors of 2181394761.
3, 7, 13, 29, 379, 727
List the prime factors of 47921619.
3, 967, 16519
List the prime factors of 261776165.
5, 7, 1627, 4597
List the prime factors of 59335764.
2, 3, 139, 35573
What are the prime factors of 67996449?
3, 2518387
What are the prime factors of 1200448199?
1200448199
What are the prime factors of 28290162?
2, 3, 4715027
List the prime factors of 29178419.
911, 32029
What are the prime factors of 51267047?
13, 59, 66841
List the prime factors of 174195486.
2, 3, 127, 181, 421
List the prime factors of 5117620534.
2, 13, 17, 53, 218459
List the prime factors of 337729161.
3, 7, 11, 19, 76949
What are the prime factors of 1946902292?
2, 103, 397, 11903
List the prime factors of 16694.
2, 17, 491
List the prime factors of 829003637.
7, 11, 103, 104527
List the prime factors of 68771970.
2, 3, 5, 17, 14983
What are the prime factors of 8279101?
439, 18859
What are the prime factors of 253873970?
2, 5, 7, 3626771
List the prime factors of 9682364.
2, 1009, 2399
List the prime factors of 1727888812.
2, 13, 33228631
List the prime factors of 1109238687.
3, 23, 5358641
List the prime factors of 433599779.
19, 73, 312617
What are the prime factors of 2817416785?
5, 563483357
What are the prime factors of 322201329?
3, 41, 61, 42943
List the prime factors of 517845429.
3, 73, 197, 4001
List the prime factors of 1874407625.
5, 43, 241, 1447
List the prime factors of 72225409.
131, 551339
List the prime factors of 26879813.
19, 157, 9011
List the prime factors of 293705249.
19, 15458171
List the prime factors of 141963431.
6007, 23633
What are the prime factors of 3939215470?
2, 5, 19, 821, 25253
List the prime factors of 120999795.
3, 5, 7, 17, 53, 1279
What are the prime factors of 100243620?
2, 3, 5, 19, 29311
List the prime factors of 938958398.
2, 7, 37, 1812661
What are the prime factors of 12030200?
2, 5, 7, 13, 661
What are the prime factors of 2300607508?
2, 575151877
List the prime factors of 32382877.
359, 90203
What are the prime factors of 1891795685?
5, 13, 29104549
What are the prime factors of 2049794094?
2, 3, 341632349
What are the prime factors of 1424198919?
3, 11, 13, 17, 41, 433
List the prime factors of 5453473.
991, 5503
List the prime factors of 49149640.
2, 5, 1228741
What are the prime factors of 71174214?
2, 3, 146449
What are the prime factors of 39010427?
17, 2294731
List the prime factors of 266085356.
2, 97, 673, 1019
List the prime factors of 2136895098.
2,